he greatest common factor of 115 and 1357.
23
Calculate the greatest common divisor of 116105 and 35.
5
Calculate the highest common factor of 20878 and 3146.
286
Calculate the greatest common factor of 912 and 103531.
19
Calculate the highest common divisor of 246 and 28495.
41
What is the highest common divisor of 2198 and 81012?
314
What is the greatest common factor of 49072 and 40?
8
What is the highest common divisor of 99913 and 2344?
293
Calculate the highest common divisor of 162 and 4248.
18
Calculate the highest common divisor of 157 and 2754879.
157
Calculate the greatest common factor of 2 and 2459.
1
Calculate the greatest common factor of 13365 and 2025.
405
What is the highest common factor of 1795000 and 200?
200
What is the highest common factor of 4267 and 124747?
251
Calculate the highest common factor of 79387 and 77.
77
What is the highest common factor of 63 and 873117?
63
What is the greatest common divisor of 340 and 566780?
340
What is the highest common divisor of 54 and 105921?
27
Calculate the highest common factor of 4407 and 4746.
339
Calculate the highest common divisor of 8512 and 10241.
133
What is the greatest common divisor of 1435616 and 112?
112
Calculate the greatest common factor of 78 and 162331.
13
Calculate the highest common divisor of 3 and 933.
3
What is the greatest common factor of 1815 and 4350?
15
Calculate the greatest common factor of 1744 and 688.
16
What is the greatest common divisor of 5 and 817640?
5
Calculate the greatest common divisor of 81 and 3969.
81
Calculate the greatest common divisor of 143 and 26543.
11
Calculate the highest common factor of 25230 and 53940.
870
Calculate the greatest common divisor of 4037 and 2.
1
What is the greatest common factor of 428 and 94?
2
What is the greatest common factor of 4585 and 2835?
35
What is the greatest common divisor of 56 and 8882524?
28
Calculate the highest common divisor of 410 and 251330.
410
What is the greatest common factor of 9850 and 16942?
394
What is the highest common factor of 124505 and 185?
185
Calculate the greatest common factor of 21877 and 655.
131
Calculate the greatest common factor of 464 and 716532.
116
What is the highest common divisor of 1794 and 1127?
23
What is the greatest common factor of 556 and 108976?
556
What is the greatest common divisor of 21762 and 208?
26
What is the greatest common divisor of 1239 and 92571?
177
What is the highest common factor of 626 and 52271?
313
What is the greatest common factor of 16 and 607408?
16
Calculate the highest common divisor of 138277 and 106.
53
Calculate the highest common factor of 13531 and 42.
7
Calculate the highest common factor of 403880 and 5060.
460
What is the highest common divisor of 3567 and 37638?
123
Calculate the greatest common divisor of 376 and 48128.
376
What is the highest common factor of 89866 and 6288?
262
Calculate the greatest common factor of 8 and 584140.
4
What is the greatest common divisor of 2920 and 250?
10
What is the highest common factor of 8 and 46876?
4
What is the highest common factor of 53432 and 40?
8
What is the greatest common factor of 16 and 28792?
8
What is the highest common factor of 23328 and 8532?
108
Calculate the highest common divisor of 1199 and 70087.
109
Calculate the greatest common divisor of 396 and 22872.
12
What is the highest common divisor of 153612 and 918?
306
What is the greatest common factor of 1420 and 43594?
142
What is the greatest common divisor of 152416 and 352?
352
Calculate the highest common factor of 715 and 23920.
65
Calculate the highest common factor of 326 and 173595.
163
Calculate the greatest common factor of 7144 and 152228.
76
Calculate the highest common divisor of 741 and 395499.
39
Calculate the highest common divisor of 10 and 80.
10
What is the greatest common factor of 95100 and 816?
12
What is the greatest common divisor of 97 and 2109847?
97
What is the greatest common factor of 3888 and 144?
144
What is the greatest common divisor of 365902 and 1216?
38
What is the greatest common divisor of 1568553 and 21?
21
What is the highest common divisor of 56250 and 925?
25
What is the highest common divisor of 6 and 23474?
2
What is the greatest common divisor of 563932 and 4?
4
What is the greatest common divisor of 624 and 2445456?
624
What is the greatest common divisor of 4 and 5659956?
4
What is the greatest common divisor of 47664 and 3888?
144
Calculate the greatest common factor of 6608 and 6254.
118
Calculate the highest common factor of 279 and 60264.
279
What is the greatest common factor of 403397 and 368?
23
What is the greatest common divisor of 324454 and 78?
26
Calculate the highest common factor of 147 and 415149.
21
What is the highest common divisor of 837 and 469309?
31
Calculate the highest common divisor of 961 and 19375.
31
What is the highest common divisor of 998 and 1788?
2
Calculate the greatest common factor of 192 and 104592.
48
What is the greatest common divisor of 129580 and 55?
55
Calculate the highest common factor of 201 and 269474.
67
Calculate the highest common divisor of 1174246 and 2.
2
What is the greatest common divisor of 31 and 221588?
31
Calculate the greatest common divisor of 746 and 39911.
373
What is the highest common divisor of 82 and 85813?
41
Calculate the greatest common divisor of 714025 and 325.
325
Calculate the greatest common divisor of 26247 and 369477.
2019
What is the highest common divisor of 1575383 and 453?
151
Calculate the greatest common factor of 2944158 and 84.
42
What is the greatest common factor of 247 and 173745?
13
What is the highest common divisor of 390917 and 1724?
431
What is the greatest common divisor of 15 and 2120?
5
Calculate the greatest common divisor of 34 and 708560.
34
Calculate the highest common factor of 28454 and 82.
82
What is the greatest common factor of 390115 and 82?
41
What is the highest common divisor of 451980 and 5940?
540
Calculate the highest common factor of 2077985 and 910.
455
Calculate the highest common divisor of 205752 and 624.
24
What is the greatest common divisor of 168 and 6101592?
168
Calculate the greatest common factor of 1184 and 1264216.
296
Calculate the greatest common factor of 155266 and 58.
58
Calculate the highest common factor of 128 and 200.
8
What is the highest common divisor of 2992 and 6736?
16
Calculate the highest common divisor of 14803 and 1048.
131
Calculate the greatest common divisor of 208 and 41288.
104
What is the highest common divisor of 4793496 and 24?
24
What is the greatest common divisor of 75 and 87090?
15
Calculate the highest common factor of 227429 and 36038.
487
Calculate the highest common factor of 39412 and 5900.
236
What is the highest common factor of 3599 and 68015?
61
What is the greatest common divisor of 806173 and 92?
23
What is the greatest common factor of 403 and 3900?
13
Calculate the highest common divisor of 130 and 361110.
10
Calculate the greatest common factor of 3111 and 345138.
183
What is the greatest common divisor of 22 and 445126?
22
Calculate the highest common divisor of 48198 and 696.
174
What is the highest common divisor of 454087 and 51?
17
Calculate the highest common divisor of 260855 and 16240.
1015
What is the greatest common divisor of 59458 and 126?
14
What is the greatest common divisor of 9585 and 3915?
135
What is the highest common factor of 1421599 and 57?
19
Calculate the highest common divisor of 1003153 and 34.
17
What is the highest common divisor of 5698 and 58828?
154
What is the greatest common divisor of 10414 and 2286?
254
What is the highest common divisor of 32065 and 10494?
583
Calculate the highest common divisor of 950 and 13756.
38
What is the highest common factor of 596932 and 7?
7
Calculate the greatest common divisor of 1304248 and 154.
22
Calculate the highest common factor of 95760 and 94500.
1260
What is the highest common factor of 7040 and 12980?
220
What is the greatest common divisor of 108294 and 24?
6
Calculate the greatest common divisor of 476 and 35819.
119
What is the greatest common divisor of 40 and 20800?
40
What is the highest common divisor of 7315 and 3857?
133
Calculate the greatest common factor of 60800 and 342.
38
What is the greatest c